 y(g) = g**2 - g - 20. Let f be y(5). Suppose -5*m + 20 = -2*i, -m + 3*i + 17 = -f*m. Let v(n) = -n**2 + 5*n - 3. Give v(m).
3
Suppose -n + 6 = 0, -15*i - 6*n + 8*n = -20*i + 37. Let s(k) be the first derivative of -k**4/4 + 2*k**3/3 + 3*k**2 + 7*k - 1. Give s(i).
-38
Let x(r) = 17*r**2 + 22*r**2 + r**3 - 8*r**2 + 23*r**2 - 52*r**2 - 3*r. Suppose h - f + 4 = 0, 2*h + h + 22 = -2*f. Let y be h/4*8/(-6). Determine x(y).
10
Let o be (((-96)/(-15))/2)/(28/(-140)). Let r(m) = -m**2 - 13*m + 38. Calculate r(o).
-10
Let x(s) = s**2 + 8*s + 12. Let z(n) = -296 - 294 - 298 + 15*n + 900 - 4*n**2 - n**3. Let k be z(-6). What is x(k)?
0
Let k(z) = 7*z**2 - 247*z - 43. Let p(v) = -11*v**2 + 394*v + 64. Let x(b) = -8*k(b) - 5*p(b). Calculate x(9).
-3
Let l(b) = 2*b - 6. Let d = 284 - 272. Let x be 131/19 - d/114*-1. Give l(x).
8
Suppose 9*v - v = 0. Let d(a) be the second derivative of 1 - 3/2*a**2 - 1/20*a**5 + 1/6*a**3 - 1/12*a**4 - 4*a. Give d(v).
-3
Let g(w) = 91*w + 303. Let b be g(-6). Let t = b - -247. Let k(x) = -x**3 + 2*x**2 + 4*x - 5. Determine k(t).
-21
Let r(p) = -p**3 - 4*p**2 + 2*p**2 + 2*p**3 - 4. Suppose 80*d = 87*d - 21. Give r(d).
5
Let f(h) = -3*h**3 + 180*h**2 + h - 46. Let b be f(60). Let i(z) = z**2 - 12*z - 30. What is i(b)?
-2
Let z(j) = -j**3 - 8*j**2 - 4*j + 24. Let w be 120/(-720)*(0 + 42). Calculate z(w).
3
Suppose -22*w + 4242 = -w. Let f(b) = 68*b + 65*b - w*b - 7 + 70*b. Determine f(8).
1
Let x(p) = p**2 + 22*p + 61. Let i be x(-19). Let g(b) = -1337*b - 14*b**2 + 1341*b + 5 + 12*b**2. What is g(i)?
-11
Let h(d) = -13 + 1832*d - 1851*d + 2*d**2 - 194 + 0*d**2. Determine h(16).
1
Let a(x) = x**3 - x**2 - 5*x + 19. Let v(y) = -y**3 - 25*y**2 - 166*y - 172. Let j be v(-14). Give a(j).
-41
Let i(x) = 16*x - 38. Let r(l) = 5*l - 11. Let c(a) = 3*i(a) - 10*r(a). Suppose -2*v - 22 = -2*n, -3*n + 13 = -v - 4. What is c(v)?
12
Let i be (2/(-5))/((-3)/(-30)). Let u(w) be the first derivative of 5*w**2/2 + 6*w + 3254. Calculate u(i).
-14
Let i be 2 - ((-3)/(-1) - -7). Suppose 0 = -6*h - 14 + 26. Let m(d) = d + 1 - 7 + h + 6. What is m(i)?
-6
Let c(j) be the first derivative of 50*j**3/3 - j**2 - 2*j - 1468. What is c(-1)?
50
Let z be ((-15)/70)/(12/21)*232/(-348). Let y(x) be the first derivative of 23 - x - z*x**4 + 4/3*x**3 + 3*x**2. What is y(5)?
4
Let v(z) = -z**3 - 37*z**2 - 33*z + 34. Let b(g) = 2*g**3 + 71*g**2 + 67*g - 68. Let o(i) = 5*b(i) + 9*v(i). Give o(-20).
6
Suppose 24*r = 22*r + 36. Suppose 5*x = 12 + r. Let b(m) = m**2 - 7*m + 5. Determine b(x).
-1
Let b = -13 - -33. Let t be 41/4 + b/(-80). Suppose -13*h + 6 = -t*h. Let f(c) = 3*c. Determine f(h).
6
Let o = 4932 + -9859/2. Let n(c) be the first derivative of -c**3 - 3*c - 1/4*c**4 + 5 + o*c**2. Give n(-4).
-7
Let u(b) = -b - 3 - 3 - 9. Let p be u(-8). Let z(d) = d + 13. Let g(s) = 1. Let w(n) = 2*g(n) + z(n). Give w(p).
8
Let t(r) = -4*r + r**2 - 11645 - 17*r - 9*r - 2*r**2 + 11612. Calculate t(-29).
-4
Let f(w) = -11*w**3 - 19*w**2 - 8*w + 7. Let l(y) = 23*y**3 + 31*y**2 + 17*y - 15. Let i(k) = -5*f(k) - 3*l(k). Determine i(1).
-13
Let d(r) = r**3 + r**2 - 1. Let q(l) = 5*l**3 + 10*l**2 + 2*l - 2. Let p(m) = -4*d(m) + q(m). Let x(i) = 4*i - 56. Let k be x(-9). Let u = 87 + k. Give p(u).
17
Let s(u) = 3*u + 6. Let t(j) be the third derivative of -5*j**4/24 - 3*j**3/2 + 2*j**2 - 3*j. Suppose 47 = 4*o + 15. Let a(k) = o*s(k) + 5*t(k). Calculate a(2).
1
Let h(d) = -8*d + 28. Suppose 21*z - 204 = 214 - 145. What is h(z)?
-76
Let w(u) be the first derivative of -u**7/840 + 13*u**6/360 + u**5/8 - 19*u**4/24 + 8*u**3/3 - 52. Let v(h) be the third derivative of w(h). What is v(14)?
-5
Let p(a) = -a**2 - 6*a + 42. Let n be p(-10). Let k(x) = 8*x**n - x**3 - 4*x**2 - 105 + 102. Calculate k(4).
-3
Let a(i) = -5*i - 6. Let o be a(-2). Suppose 13 = x + 2*l + 3, o*x - 10 = -2*l. Let j(u) = u - 8. What is j(x)?
-8
Let q = 25 + -23. Let g(w) = -q*w + 8 - 25 - 16. Let k be g(-15). Let v(z) = 2*z**2 + 2*z. What is v(k)?
12
Let k(d) = 470 + 493 - 1528 - 37*d + 424. Determine k(-4).
7
Let t(p) be the third derivative of 241*p**2 + 0*p + 0 - 1/60*p**5 - 1/2*p**3 - 5/24*p**4. Determine t(-3).
3
Let m(z) = 2*z**2 + 18*z - 43. Let k be 0 - 18 - (81 + -35 - 53). Calculate m(k).
1
Let x(o) = 3*o**3 - 4*o**2 - o. Let d(s) be the first derivative of 2*s**4 - 4*s**3 - s**2/2 - 72. Let n(a) = 4*d(a) - 11*x(a). Calculate n(-5).
-10
Let k(g) = -g**3 - 4*g**2 + 2*g + 1. Let l be (15/10 - 3)/((-3)/(-16)). Let a be 18/l*192/(-36). Suppose h + a = -2*j, 3*h + 4*j + 28 = -0*j. Determine k(h).
-7
Let c(w) = 2*w**2 - 7*w - 4. Let r be 1536/(-896) - 46/14. Determine c(r).
81
Let j(l) = -5*l**2 - 5*l + 2. Let r(i) = -i + 3 - 14*i - 9*i**2 + 0 + 6*i. Let w(k) = -7*j(k) + 4*r(k). Suppose 3*v + 5*z - 15 = 5*v, 15 = 5*v + 5*z. Give w(v).
-2
Let o(b) be the first derivative of b**5/30 + b**4/12 - b**3/3 + 85*b**2/2 - 105. Let m(j) be the second derivative of o(j). Determine m(-3).
10
Let n(b) = -3*b**2 + 18*b - 21. Let q(l) = -3*l**2 + 79*l + 238. Let h be q(29). Determine n(h).
-21
Let l(k) be the third derivative of k**5/10 - 29*k**4/12 - 2*k**3 - k**2 - 28. Give l(10).
8
Let g(t) = -t**2 + 6*t - 15. Suppose 0 = 2*c - 0*c + 3*a - 2, -a = -3*c + 36. Calculate g(c).
-55
Suppose -14*g + 17*g + 8 = q, 5*q + 8 = -g. Let i(v) = v**3 + 13*v**2 - 15*v - 4. Let c be i(-14). Let a(r) = r + r - c*r. Determine a(q).
8
Let h(d) = -2*d. Suppose o - 23*b - 506 = -19*b, 4*b = -3*o + 1534. Let y = o + -516. Determine h(y).
12
Let a(u) be the first derivative of 7/2*u**2 - 1/12*u**4 + 1/2*u**3 - 5*u + 1. Let k(t) be the first derivative of a(t). Determine k(5).
-3
Let v(t) = t**2 + 7*t - 1. Suppose 52*c + 465 - 153 = 0. Determine v(c).
-7
Let p(a) = 5*a**2 + 7*a - 1. Let z(g) = 13*g**2 + 9*g + 3. Let x(i) = 2*p(i) - z(i). What is x(2)?
-7
Suppose 1351*v - 1781*v - 860 = 0. Let c(j) = j + 2 - j - 5*j. Give c(v).
12
Suppose 18*d = 21*d - a + 21, 5*d = 4*a - 28. Let j(s) = s**3 + 8*s**2 + 5*s + 2. Determine j(d).
-38
Let v(h) = 10*h**2 + 116*h - 36. Let g(n) = 21*n**2 + 223*n - 69. Let i(o) = 4*g(o) - 7*v(o). Give i(-6).
0
Let x(c) = 12*c + 13. Let w(v) = -26*v + 21*v - 12 + 6. Let p(z) = -9*w(z) - 4*x(z). Suppose -f + 3*f + 4 = 0. Calculate p(f).
8
Suppose 14*f = 10*f + 3*x + 18, 4*x = -f + 14. Let n(s) be the first derivative of -s**3/3 + 9*s**2/2 - 9*s + 4. Calculate n(f).
9
Let z(i) be the third derivative of i**5/60 + i**4/4 + i**3/3 - 295*i**2. Let p be (-1)/2*(17 + (-5 - -2)). Calculate z(p).
9
Let n = -6 - -3. Let v(p) = -5*p - 11. Let y(u) = 2*u + 4. Let o(m) = n*v(m) - 8*y(m). Let r = -9943 + 9949. Give o(r).
-5
Suppose -894 = -4*s - 306. Let x = s + -145. Let m(j) = -2*j**3 + 4*j**2 - 2*j. Determine m(x).
-4
Let k(o) = -3*o**3 - o**2 - o + 1. Let d(z) be the second derivative of z**5/20 + z**4/12 + z**3/6 - z**2/2 + 2*z + 11. Let b(l) = 5*d(l) + 2*k(l). Give b(2).
7
Let k(h) = h - 8. Suppose -2*t = -3*o - 0*t + 19, -t - 14 = -2*o. Let m be 3 + (o - 17) + -2. What is k(m)?
-15
Let j(y) = -20 + 68*y + 75*y - 142*y. Let r(b) = -6*b + 102. Let k(q) = 11*j(q) + 2*r(q). Calculate k(-11).
-5
Let k(f) = 2*f**3 + 19*f**2 + 9*f - 2. Let m be k(-9). Let b(x) = 2*x**3 + 2*x**2 - 2*x - 3. Let z be b(m). Let v(g) = g**3 + 8*g**2 + 9*g - 9. What is v(z)?
-23
Let h be -10 - (-28 - -15) - 3. Let q(f) be the second derivative of -15/2*f**2 + h + 1/6*f**3 - 18*f. Calculate q(7).
-8
Suppose 19*l - 55 = 8*l. Let b(i) = 7*i - 22. Let s(t) = -6*t + 17. Let c(h) = l*s(h) + 4*b(h). Let f(a) = 5*a. Let d be f(1). Calculate c(d).
-13
Let w(l) be the second derivative of -26*l + 1/3*l**3 - 2 + 8*l**2. Give w(-12).
-8
Let a(v) = -3*v - 19. Let x = 383 + -358. Let k be (-142)/(-1775) + (-127)/x. Calculate a(k).
-4
Let j(n) be the second derivative of -n**5/20 - 5*n**4/12 - n**3/2 - 5*n**2/2 - 157*n. Let w(x) = -x. Let f be w(10). Let t be 73/(-15) - f/(-75). What is j(t)?
10
Let f(n) = 7 - 21 - 54*n + 27*n + n**3 - 7*n. Give f(-6).
-26
Let z(o) = 2*o - 11. Let u(b) = -10*b - 56. Suppose -57*s = -70*s - 78. Let q be u(s). What is z(q)?
-3
Let u(z) = -z**3 - 9*z**2 - 22*z + 1. Let b be (-26)/30 + 1 - 154/30. Let p be u(b). Let g(r) = r**2 - 10*r - 11. Determine g(p).
0
Let o = 279/8 + -277/8. Let f(a) be the first derivative of -a**2 + o*a**4 - 24 